{"id":193,"date":"2025-10-21T08:35:16","date_gmt":"2025-10-21T08:35:16","guid":{"rendered":"https:\/\/aubebakehouse.vn\/?post_type=product&#038;p=193"},"modified":"2025-10-21T08:35:17","modified_gmt":"2025-10-21T08:35:17","slug":"banh-quy-hanh-nhan-150gr","status":"publish","type":"product","link":"https:\/\/aubebakehouse.vn\/index.php\/product\/banh-quy-hanh-nhan-150gr\/","title":{"rendered":"B\u00e1nh quy h\u1ea1nh nh\u00e2n 150gr"},"content":{"rendered":"<p>B\u00e1nh quy h\u1ea1nh nh\u00e2n c\u1ee7a Aube \u0111\u01b0\u1ee3c n\u01b0\u1edbng v\u00e0ng th\u01a1m v\u1edbi h\u1ea1t h\u1ea1nh nh\u00e2n l\u00e1t ph\u1ee7 tr\u00ean m\u1eb7t, mang \u0111\u1ebfn v\u1ecb b\u00f9i b\u00e9o v\u00e0 \u0111\u1ed9 gi\u00f2n nh\u1eb9 \u0111\u1eb7c tr\u01b0ng. V\u1ecb ng\u1ecdt thanh c\u00f9ng h\u01b0\u01a1ng b\u01a1 d\u1ecbu khi\u1ebfn b\u00e1nh v\u1eeba gi\u1ea3n d\u1ecb v\u1eeba tinh t\u1ebf \u2014 ho\u00e0n h\u1ea3o cho nh\u1eefng bu\u1ed5i tr\u00e0 chi\u1ec1u ho\u1eb7c l\u00e0m m\u00f3n qu\u00e0 nh\u1ecf \u0111\u1ea7y tinh t\u1ebf.<\/p>\n<p>Aube\u2019s Almond Cookies are baked to a golden crisp, topped with sliced almonds for a nutty aroma and gentle crunch. Lightly sweet with a buttery fragrance, they\u2019re simple yet refined \u2014 perfect for tea time or as a thoughtful little gift.<\/p>\n","protected":false},"excerpt":{"rendered":"<p>Order Phone: 0979891591<\/p>\n","protected":false},"featured_media":194,"comment_status":"open","ping_status":"closed","template":"","meta":[],"product_brand":[],"product_cat":[25],"product_tag":[],"class_list":{"0":"post-193","1":"product","2":"type-product","3":"status-publish","4":"has-post-thumbnail","6":"product_cat-banh-ngot","8":"first","9":"instock","10":"shipping-taxable","11":"purchasable","12":"product-type-simple"},"_links":{"self":[{"href":"https:\/\/aubebakehouse.vn\/index.php\/wp-json\/wp\/v2\/product\/193","targetHints":{"allow":["GET"]}}],"collection":[{"href":"https:\/\/aubebakehouse.vn\/index.php\/wp-json\/wp\/v2\/product"}],"about":[{"href":"https:\/\/aubebakehouse.vn\/index.php\/wp-json\/wp\/v2\/types\/product"}],"replies":[{"embeddable":true,"href":"https:\/\/aubebakehouse.vn\/index.php\/wp-json\/wp\/v2\/comments?post=193"}],"wp:featuredmedia":[{"embeddable":true,"href":"https:\/\/aubebakehouse.vn\/index.php\/wp-json\/wp\/v2\/media\/194"}],"wp:attachment":[{"href":"https:\/\/aubebakehouse.vn\/index.php\/wp-json\/wp\/v2\/media?parent=193"}],"wp:term":[{"taxonomy":"product_brand","embeddable":true,"href":"https:\/\/aubebakehouse.vn\/index.php\/wp-json\/wp\/v2\/product_brand?post=193"},{"taxonomy":"product_cat","embeddable":true,"href":"https:\/\/aubebakehouse.vn\/index.php\/wp-json\/wp\/v2\/product_cat?post=193"},{"taxonomy":"product_tag","embeddable":true,"href":"https:\/\/aubebakehouse.vn\/index.php\/wp-json\/wp\/v2\/product_tag?post=193"}],"curies":[{"name":"wp","href":"https:\/\/api.w.org\/{rel}","templated":true}]}}