{"id":164,"date":"2025-10-20T07:45:14","date_gmt":"2025-10-20T07:45:14","guid":{"rendered":"https:\/\/aubebakehouse.vn\/?post_type=product&#038;p=164"},"modified":"2025-10-20T07:45:14","modified_gmt":"2025-10-20T07:45:14","slug":"walnut-cinnamon-roll","status":"publish","type":"product","link":"https:\/\/aubebakehouse.vn\/index.php\/product\/walnut-cinnamon-roll\/","title":{"rendered":"Walnut Cinnamon Roll"},"content":{"rendered":"<p>Walnut Cinnamon Roll c\u1ee7a Aube l\u00e0 phi\u00ean b\u1ea3n bi\u1ebfn t\u1ea5u t\u1eeb b\u00e1nh qu\u1ebf truy\u1ec1n th\u1ed1ng, k\u1ebft h\u1ee3p th\u00eam h\u1ea1t \u00f3c ch\u00f3 th\u01a1m b\u00f9i v\u00e0 gi\u00f2n nh\u1eb9, d\u00e0nh cho nh\u1eefng ai y\u00eau th\u00edch s\u1ef1 \u0111a d\u1ea1ng v\u1ec1 k\u1ebft c\u1ea5u v\u00e0 h\u01b0\u01a1ng v\u1ecb. H\u1ea1t \u00f3c ch\u00f3 gi\u00fap c\u00e2n b\u1eb1ng v\u1ecb ng\u1ecdt, l\u00e0m b\u00e1nh th\u00eam b\u00e9o nh\u1eb9 v\u00e0 t\u1ea1o \u0111i\u1ec3m nh\u1ea5n th\u00fa v\u1ecb trong t\u1eebng mi\u1ebfng b\u00e1nh.<\/p>\n<p>Aube\u2019s Walnut Cinnamon Roll is a twist on the classic, featuring crunchy, nutty walnuts for added texture and depth. The walnuts balance the sweetness, add a gentle richness, and bring a satisfying contrast to the soft, spiced roll.<\/p>\n","protected":false},"excerpt":{"rendered":"<p>Order Phone: 0979891591<\/p>\n","protected":false},"featured_media":165,"comment_status":"open","ping_status":"closed","template":"","meta":[],"product_brand":[],"product_cat":[24],"product_tag":[],"class_list":{"0":"post-164","1":"product","2":"type-product","3":"status-publish","4":"has-post-thumbnail","6":"product_cat-banh-mi","8":"first","9":"instock","10":"shipping-taxable","11":"purchasable","12":"product-type-simple"},"_links":{"self":[{"href":"https:\/\/aubebakehouse.vn\/index.php\/wp-json\/wp\/v2\/product\/164","targetHints":{"allow":["GET"]}}],"collection":[{"href":"https:\/\/aubebakehouse.vn\/index.php\/wp-json\/wp\/v2\/product"}],"about":[{"href":"https:\/\/aubebakehouse.vn\/index.php\/wp-json\/wp\/v2\/types\/product"}],"replies":[{"embeddable":true,"href":"https:\/\/aubebakehouse.vn\/index.php\/wp-json\/wp\/v2\/comments?post=164"}],"wp:featuredmedia":[{"embeddable":true,"href":"https:\/\/aubebakehouse.vn\/index.php\/wp-json\/wp\/v2\/media\/165"}],"wp:attachment":[{"href":"https:\/\/aubebakehouse.vn\/index.php\/wp-json\/wp\/v2\/media?parent=164"}],"wp:term":[{"taxonomy":"product_brand","embeddable":true,"href":"https:\/\/aubebakehouse.vn\/index.php\/wp-json\/wp\/v2\/product_brand?post=164"},{"taxonomy":"product_cat","embeddable":true,"href":"https:\/\/aubebakehouse.vn\/index.php\/wp-json\/wp\/v2\/product_cat?post=164"},{"taxonomy":"product_tag","embeddable":true,"href":"https:\/\/aubebakehouse.vn\/index.php\/wp-json\/wp\/v2\/product_tag?post=164"}],"curies":[{"name":"wp","href":"https:\/\/api.w.org\/{rel}","templated":true}]}}