{"id":158,"date":"2025-10-19T04:50:00","date_gmt":"2025-10-19T04:50:00","guid":{"rendered":"https:\/\/aubebakehouse.vn\/?post_type=product&#038;p=158"},"modified":"2025-10-19T04:50:00","modified_gmt":"2025-10-19T04:50:00","slug":"cinnamon-roll","status":"publish","type":"product","link":"https:\/\/aubebakehouse.vn\/index.php\/product\/cinnamon-roll\/","title":{"rendered":"Cinnamon Roll"},"content":{"rendered":"<p>Cinnamon Roll c\u1ee7a Aube \u0111\u01b0\u1ee3c \u1ee7 b\u1eb1ng men t\u1ef1 nhi\u00ean n\u00ean c\u00f3 h\u01b0\u01a1ng v\u1ecb s\u00e2u l\u1eafng v\u00e0 m\u00f9i th\u01a1m \u0111\u1eb7c tr\u01b0ng. Ru\u1ed9t b\u00e1nh m\u1ec1m d\u1ebbo, quy\u1ec7n c\u00f9ng l\u1edbp caramel glaze v\u00e0 b\u1ed9t qu\u1ebf n\u1ed3ng \u1ea5m, t\u1ea1o n\u00ean h\u1eadu v\u1ecb ng\u1ecdt d\u1ecbu kh\u00f3 qu\u00ean.<\/p>\n<p>Aube\u2019s Cinnamon Roll is naturally leavened, giving it a deep, nuanced flavor and a signature aroma. Its soft, chewy crumb pairs with a caramel glaze and warm cinnamon spice for a lasting, gentle sweetness.<\/p>\n","protected":false},"excerpt":{"rendered":"<p>Order Phone: 0979891591<\/p>\n","protected":false},"featured_media":159,"comment_status":"open","ping_status":"closed","template":"","meta":[],"product_brand":[],"product_cat":[24],"product_tag":[],"class_list":{"0":"post-158","1":"product","2":"type-product","3":"status-publish","4":"has-post-thumbnail","6":"product_cat-banh-mi","8":"first","9":"instock","10":"shipping-taxable","11":"purchasable","12":"product-type-simple"},"_links":{"self":[{"href":"https:\/\/aubebakehouse.vn\/index.php\/wp-json\/wp\/v2\/product\/158","targetHints":{"allow":["GET"]}}],"collection":[{"href":"https:\/\/aubebakehouse.vn\/index.php\/wp-json\/wp\/v2\/product"}],"about":[{"href":"https:\/\/aubebakehouse.vn\/index.php\/wp-json\/wp\/v2\/types\/product"}],"replies":[{"embeddable":true,"href":"https:\/\/aubebakehouse.vn\/index.php\/wp-json\/wp\/v2\/comments?post=158"}],"wp:featuredmedia":[{"embeddable":true,"href":"https:\/\/aubebakehouse.vn\/index.php\/wp-json\/wp\/v2\/media\/159"}],"wp:attachment":[{"href":"https:\/\/aubebakehouse.vn\/index.php\/wp-json\/wp\/v2\/media?parent=158"}],"wp:term":[{"taxonomy":"product_brand","embeddable":true,"href":"https:\/\/aubebakehouse.vn\/index.php\/wp-json\/wp\/v2\/product_brand?post=158"},{"taxonomy":"product_cat","embeddable":true,"href":"https:\/\/aubebakehouse.vn\/index.php\/wp-json\/wp\/v2\/product_cat?post=158"},{"taxonomy":"product_tag","embeddable":true,"href":"https:\/\/aubebakehouse.vn\/index.php\/wp-json\/wp\/v2\/product_tag?post=158"}],"curies":[{"name":"wp","href":"https:\/\/api.w.org\/{rel}","templated":true}]}}