{"id":156,"date":"2025-10-19T04:44:16","date_gmt":"2025-10-19T04:44:16","guid":{"rendered":"https:\/\/aubebakehouse.vn\/?post_type=product&#038;p=156"},"modified":"2025-10-19T04:45:02","modified_gmt":"2025-10-19T04:45:02","slug":"banh-mi-bo-toi","status":"publish","type":"product","link":"https:\/\/aubebakehouse.vn\/index.php\/product\/banh-mi-bo-toi\/","title":{"rendered":"B\u00e1nh m\u00ec b\u01a1 t\u1ecfi"},"content":{"rendered":"<p>B\u00e1nh m\u00ec b\u01a1 t\u1ecfi c\u1ee7a Aube c\u00f3 l\u1edbp v\u1ecf v\u00e0ng h\u01a1i gi\u00f2n, nh\u00e2n kem ph\u00f4 mai b\u00e9o m\u1ec1m v\u00e0 l\u1edbp b\u01a1 t\u1ecfi th\u01a1m ng\u1eady lan t\u1ecfa. S\u1ef1 k\u1ebft h\u1ee3p gi\u1eefa v\u1ecb m\u1eb7n nh\u1eb9, b\u00e9o v\u00e0 th\u01a1m t\u1ea1o n\u00ean chi\u1ebfc b\u00e1nh v\u1eeba quen thu\u1ed9c v\u1eeba \u0111\u1eb7c tr\u01b0ng.<\/p>\n<p>Aube\u2019s Garlic Butter Bread features a lightly crisp crust, a creamy cheese filling, and rich, fragrant garlic butter. The blend of savory, buttery, and aromatic notes makes it both comforting and distinctive.<\/p>\n","protected":false},"excerpt":{"rendered":"<p>Order Phone: 0979891591<\/p>\n","protected":false},"featured_media":157,"comment_status":"open","ping_status":"closed","template":"","meta":[],"product_brand":[],"product_cat":[24],"product_tag":[],"class_list":{"0":"post-156","1":"product","2":"type-product","3":"status-publish","4":"has-post-thumbnail","6":"product_cat-banh-mi","8":"first","9":"instock","10":"shipping-taxable","11":"purchasable","12":"product-type-simple"},"_links":{"self":[{"href":"https:\/\/aubebakehouse.vn\/index.php\/wp-json\/wp\/v2\/product\/156","targetHints":{"allow":["GET"]}}],"collection":[{"href":"https:\/\/aubebakehouse.vn\/index.php\/wp-json\/wp\/v2\/product"}],"about":[{"href":"https:\/\/aubebakehouse.vn\/index.php\/wp-json\/wp\/v2\/types\/product"}],"replies":[{"embeddable":true,"href":"https:\/\/aubebakehouse.vn\/index.php\/wp-json\/wp\/v2\/comments?post=156"}],"wp:featuredmedia":[{"embeddable":true,"href":"https:\/\/aubebakehouse.vn\/index.php\/wp-json\/wp\/v2\/media\/157"}],"wp:attachment":[{"href":"https:\/\/aubebakehouse.vn\/index.php\/wp-json\/wp\/v2\/media?parent=156"}],"wp:term":[{"taxonomy":"product_brand","embeddable":true,"href":"https:\/\/aubebakehouse.vn\/index.php\/wp-json\/wp\/v2\/product_brand?post=156"},{"taxonomy":"product_cat","embeddable":true,"href":"https:\/\/aubebakehouse.vn\/index.php\/wp-json\/wp\/v2\/product_cat?post=156"},{"taxonomy":"product_tag","embeddable":true,"href":"https:\/\/aubebakehouse.vn\/index.php\/wp-json\/wp\/v2\/product_tag?post=156"}],"curies":[{"name":"wp","href":"https:\/\/api.w.org\/{rel}","templated":true}]}}