{"id":146,"date":"2025-10-19T04:07:54","date_gmt":"2025-10-19T04:07:54","guid":{"rendered":"https:\/\/aubebakehouse.vn\/?post_type=product&#038;p=146"},"modified":"2025-10-21T08:27:07","modified_gmt":"2025-10-21T08:27:07","slug":"egg-tart","status":"publish","type":"product","link":"https:\/\/aubebakehouse.vn\/index.php\/product\/egg-tart\/","title":{"rendered":"Egg Tart"},"content":{"rendered":"<p>Tart tr\u1ee9ng c\u1ee7a Aube c\u00f3 l\u1edbp v\u1ecf b\u01a1 v\u00e0ng gi\u00f2n, \u00f4m l\u1ea5y nh\u00e2n kem tr\u1ee9ng m\u1ec1m m\u1ecbn v\u00e0 th\u01a1m b\u00e9o. Khi c\u1eafn v\u00e0o, l\u1edbp v\u1ecf gi\u00f2n tan \u0111\u1ed1i l\u1eadp v\u1edbi ph\u1ea7n nh\u00e2n tan ch\u1ea3y nh\u1eb9, t\u1ea1o n\u00ean c\u1ea3m gi\u00e1c h\u00e0i h\u00f2a v\u00e0 d\u1ec5 ch\u1ecbu. V\u1ecb ng\u1ecdt v\u1eeba ph\u1ea3i, h\u01b0\u01a1ng tr\u1ee9ng s\u1eefa d\u1ecbu nh\u1eb9 khi\u1ebfn chi\u1ebfc tart tr\u1edf th\u00e0nh m\u00f3n b\u00e1nh y\u00eau th\u00edch c\u1ee7a c\u1ea3 tr\u1ebb nh\u1ecf l\u1eabn ng\u01b0\u1eddi l\u1edbn.<\/p>\n<p>Egg Tart features a crisp, buttery crust filled with silky, creamy custard. The contrast between the flaky shell and the smooth filling creates a satisfying balance in texture and taste. Gently sweet and fragrant, it\u2019s a timeless treat enjoyed by both children and adults alike.<\/p>\n","protected":false},"excerpt":{"rendered":"<p>Order Phone: 0979891591<\/p>\n","protected":false},"featured_media":192,"comment_status":"open","ping_status":"closed","template":"","meta":[],"product_brand":[],"product_cat":[25],"product_tag":[],"class_list":{"0":"post-146","1":"product","2":"type-product","3":"status-publish","4":"has-post-thumbnail","6":"product_cat-banh-ngot","8":"first","9":"instock","10":"shipping-taxable","11":"purchasable","12":"product-type-simple"},"_links":{"self":[{"href":"https:\/\/aubebakehouse.vn\/index.php\/wp-json\/wp\/v2\/product\/146","targetHints":{"allow":["GET"]}}],"collection":[{"href":"https:\/\/aubebakehouse.vn\/index.php\/wp-json\/wp\/v2\/product"}],"about":[{"href":"https:\/\/aubebakehouse.vn\/index.php\/wp-json\/wp\/v2\/types\/product"}],"replies":[{"embeddable":true,"href":"https:\/\/aubebakehouse.vn\/index.php\/wp-json\/wp\/v2\/comments?post=146"}],"wp:featuredmedia":[{"embeddable":true,"href":"https:\/\/aubebakehouse.vn\/index.php\/wp-json\/wp\/v2\/media\/192"}],"wp:attachment":[{"href":"https:\/\/aubebakehouse.vn\/index.php\/wp-json\/wp\/v2\/media?parent=146"}],"wp:term":[{"taxonomy":"product_brand","embeddable":true,"href":"https:\/\/aubebakehouse.vn\/index.php\/wp-json\/wp\/v2\/product_brand?post=146"},{"taxonomy":"product_cat","embeddable":true,"href":"https:\/\/aubebakehouse.vn\/index.php\/wp-json\/wp\/v2\/product_cat?post=146"},{"taxonomy":"product_tag","embeddable":true,"href":"https:\/\/aubebakehouse.vn\/index.php\/wp-json\/wp\/v2\/product_tag?post=146"}],"curies":[{"name":"wp","href":"https:\/\/api.w.org\/{rel}","templated":true}]}}