{"id":121,"date":"2025-10-17T18:27:09","date_gmt":"2025-10-17T18:27:09","guid":{"rendered":"https:\/\/aubebakehouse.vn\/?post_type=product&#038;p=121"},"modified":"2025-10-19T03:59:26","modified_gmt":"2025-10-19T03:59:26","slug":"set-banh-mi","status":"publish","type":"product","link":"https:\/\/aubebakehouse.vn\/index.php\/product\/set-banh-mi\/","title":{"rendered":"Set b\u00e1nh m\u00ec"},"content":{"rendered":"<p>B\u1ed9 s\u01b0u t\u1eadp nh\u1ecf g\u1ed3m croissant b\u01a1, pain au chocolat, b\u00e1nh cu\u1ed9n qu\u1ebf, b\u00e1nh m\u00ec b\u01a1 t\u1ecfi v\u00e0 b\u00e1nh t\u00e1o. M\u1ed7i chi\u1ebfc mang m\u1ed9t s\u1eafc th\u00e1i ri\u00eang, t\u1eeb gi\u00f2n r\u1ee5m, b\u00e9o b\u01a1 \u0111\u1ebfn th\u01a1m ng\u1ecdt nh\u1eb9, t\u1ea1o n\u00ean b\u1eefa s\u00e1ng tr\u1ecdn v\u1eb9n h\u01b0\u01a1ng v\u1ecb n\u01b0\u1edbc Ph\u00e1p.<\/p>\n<p>A petite selection of Aube\u2019s viennoiseries \u2013 butter croissant, pain au chocolat, cinnamon roll, garlic brioche, and apple pastry. Each offers a unique texture and aroma, capturing the essence of a cozy French morning.<\/p>\n","protected":false},"excerpt":{"rendered":"<p>Order Phone: 0979891591<\/p>\n","protected":false},"featured_media":84,"comment_status":"open","ping_status":"closed","template":"","meta":[],"product_brand":[],"product_cat":[24],"product_tag":[],"class_list":{"0":"post-121","1":"product","2":"type-product","3":"status-publish","4":"has-post-thumbnail","6":"product_cat-banh-mi","8":"first","9":"instock","10":"shipping-taxable","11":"purchasable","12":"product-type-simple"},"_links":{"self":[{"href":"https:\/\/aubebakehouse.vn\/index.php\/wp-json\/wp\/v2\/product\/121","targetHints":{"allow":["GET"]}}],"collection":[{"href":"https:\/\/aubebakehouse.vn\/index.php\/wp-json\/wp\/v2\/product"}],"about":[{"href":"https:\/\/aubebakehouse.vn\/index.php\/wp-json\/wp\/v2\/types\/product"}],"replies":[{"embeddable":true,"href":"https:\/\/aubebakehouse.vn\/index.php\/wp-json\/wp\/v2\/comments?post=121"}],"wp:featuredmedia":[{"embeddable":true,"href":"https:\/\/aubebakehouse.vn\/index.php\/wp-json\/wp\/v2\/media\/84"}],"wp:attachment":[{"href":"https:\/\/aubebakehouse.vn\/index.php\/wp-json\/wp\/v2\/media?parent=121"}],"wp:term":[{"taxonomy":"product_brand","embeddable":true,"href":"https:\/\/aubebakehouse.vn\/index.php\/wp-json\/wp\/v2\/product_brand?post=121"},{"taxonomy":"product_cat","embeddable":true,"href":"https:\/\/aubebakehouse.vn\/index.php\/wp-json\/wp\/v2\/product_cat?post=121"},{"taxonomy":"product_tag","embeddable":true,"href":"https:\/\/aubebakehouse.vn\/index.php\/wp-json\/wp\/v2\/product_tag?post=121"}],"curies":[{"name":"wp","href":"https:\/\/api.w.org\/{rel}","templated":true}]}}